nd 2295.
17
Calculate the greatest common divisor of 2472576 and 822.
822
What is the greatest common factor of 72305 and 5?
5
What is the greatest common factor of 14222 and 52?
26
What is the greatest common factor of 465836 and 1016?
508
What is the highest common divisor of 4687722 and 897?
897
What is the greatest common divisor of 11311542 and 1529?
1529
What is the greatest common factor of 3445 and 9010?
265
What is the greatest common factor of 973677 and 177?
177
What is the highest common factor of 50 and 32020?
10
Calculate the highest common factor of 4107 and 4144.
37
What is the greatest common divisor of 744 and 23994?
186
Calculate the greatest common factor of 51276 and 20.
4
Calculate the highest common factor of 1880 and 640.
40
Calculate the greatest common factor of 192 and 2904.
24
Calculate the greatest common divisor of 1264 and 468628.
316
Calculate the highest common factor of 11 and 561649.
11
What is the greatest common divisor of 6300 and 213500?
700
Calculate the greatest common divisor of 9424 and 7258.
38
Calculate the greatest common factor of 28578 and 66.
66
Calculate the highest common divisor of 34 and 2357594.
34
Calculate the greatest common divisor of 36077 and 215.
43
What is the highest common factor of 1226183 and 5593?
329
Calculate the highest common divisor of 272385 and 45.
45
What is the highest common divisor of 32185 and 85565?
785
What is the highest common factor of 232551 and 66?
33
What is the greatest common divisor of 10 and 144230?
10
What is the highest common factor of 587365 and 790?
395
Calculate the highest common divisor of 18991 and 21.
7
What is the greatest common factor of 451 and 87362?
11
What is the greatest common divisor of 23628 and 99?
33
Calculate the greatest common factor of 493 and 3393.
29
What is the greatest common divisor of 9605 and 1020?
85
What is the highest common divisor of 7537122 and 666?
666
What is the highest common factor of 4438 and 103342?
634
Calculate the highest common divisor of 170 and 941766.
34
Calculate the highest common factor of 252 and 9243948.
84
Calculate the highest common divisor of 95 and 8189.
19
What is the highest common divisor of 515069 and 58?
29
Calculate the highest common divisor of 32 and 2732096.
32
Calculate the greatest common divisor of 3260 and 1595444.
652
What is the greatest common divisor of 96 and 418272?
96
What is the highest common factor of 1862 and 127338?
38
What is the greatest common factor of 33022 and 319792?
1738
Calculate the greatest common divisor of 51 and 272.
17
What is the greatest common divisor of 241835 and 55?
55
What is the greatest common factor of 1911 and 147?
147
Calculate the highest common factor of 1840839 and 1274.
91
Calculate the highest common factor of 19035 and 3713.
47
Calculate the highest common factor of 28178 and 146.
146
Calculate the greatest common factor of 138 and 67137.
69
What is the highest common divisor of 177 and 8709639?
177
What is the highest common factor of 837 and 53010?
279
What is the greatest common divisor of 24 and 30?
6
What is the greatest common divisor of 400 and 2875?
25
Calculate the highest common divisor of 14490 and 85890.
210
Calculate the highest common factor of 195703 and 472.
59
What is the greatest common divisor of 4 and 382168?
4
What is the greatest common divisor of 189952 and 1272?
424
Calculate the highest common divisor of 2651 and 1067.
11
Calculate the highest common divisor of 53237 and 139.
139
What is the greatest common factor of 24 and 664184?
8
What is the highest common factor of 161 and 1337?
7
Calculate the highest common divisor of 7158 and 5051162.
2386
What is the highest common factor of 116392 and 264?
8
What is the greatest common divisor of 18816 and 768?
384
What is the highest common factor of 76500 and 748?
68
What is the greatest common divisor of 8376 and 348651?
1047
Calculate the highest common divisor of 127590 and 90.
30
What is the highest common divisor of 10 and 1224?
2
What is the highest common divisor of 386 and 182385?
193
What is the highest common factor of 135792 and 736?
368
What is the highest common divisor of 16 and 1082528?
16
What is the greatest common divisor of 486838 and 110?
22
Calculate the highest common divisor of 5394 and 957.
87
What is the highest common factor of 2804844 and 42?
42
Calculate the highest common factor of 40503 and 207.
69
What is the greatest common divisor of 72407 and 183?
61
Calculate the greatest common divisor of 56220 and 54.
6
What is the greatest common factor of 2560 and 104640?
320
What is the greatest common divisor of 182 and 2886?
26
What is the highest common divisor of 70 and 28354?
2
What is the greatest common divisor of 171400 and 2075?
25
What is the greatest common factor of 1279292 and 244?
244
Calculate the highest common divisor of 664 and 31125.
83
Calculate the greatest common factor of 2025 and 107280.
45
What is the greatest common factor of 196419 and 233?
233
Calculate the highest common divisor of 11584 and 1664.
64
Calculate the greatest common factor of 112 and 1813.
7
What is the greatest common factor of 57564 and 4674?
246
Calculate the highest common factor of 708 and 564.
12
Calculate the greatest common factor of 87618 and 153.
51
Calculate the highest common divisor of 648 and 182448.
72
Calculate the greatest common divisor of 1856 and 704.
64
Calculate the greatest common divisor of 37200 and 384.
48
What is the greatest common divisor of 149322 and 114?
6
What is the highest common factor of 858 and 550368?
78
Calculate the greatest common factor of 1070 and 1960240.
1070
What is the greatest common factor of 24 and 292848?
24
Calculate the highest common factor of 5680 and 2150.
10
Calculate the highest common factor of 236 and 15399.
59
What is the greatest common divisor of 8544 and 636?
12
What is the greatest common factor of 399 and 157605?
399
What is the highest common divisor of 1242 and 3294?
54
Calculate the greatest common divisor of 447 and 5939736.
447
Calculate the greatest common factor of 1071 and 3897.
9
What is the highest common factor of 1904 and 4964?
68
Calculate the greatest common divisor of 32 and 13472.
32
Calculate the highest common factor of 1290626 and 6.
2
Calculate the greatest common divisor of 525030 and 407.
407
What is the greatest common divisor of 2412 and 294?
6
What is the greatest common factor of 33 and 832?
1
What is the highest common divisor of 697 and 318488?
41
What is the highest common factor of 149 and 219179?
149
What is the highest common factor of 36 and 69696?
36
What is the greatest common divisor of 2244 and 4148?
68
Calculate the greatest common factor of 1265 and 14789.
23
What is the greatest common factor of 717873 and 96928?
3029
Calculate the greatest common divisor of 664 and 320.
8
Calculate the greatest common divisor of 204056 and 184.
184
What is the greatest common divisor of 756685 and 5?
5
Calculate the highest common divisor of 18 and 948978.
18
What is the highest common divisor of 249 and 7627036?
83
What is the greatest common divisor of 69 and 94093?
23
What is the greatest common factor of 1526 and 154?
14
Calculate the greatest common divisor of 244920 and 24.
24
Calculate the highest common divisor of 3 and 2708.
1
What is the highest common factor of 964761 and 84?
21
What is the highest common divisor of 43155 and 455?
35
Calculate the highest common divisor of 1484008 and 16.
8
What is the greatest common factor of 1782 and 9153?
81
Calculate the highest common divisor of 68148 and 396.
36
Calculate the highest common factor of 195 and 54535.
65
What is the greatest common divisor of 4067 and 216713?
581
What is the highest common divisor of 6656 and 67072?
512
Calculate the greatest common factor of 183816 and 46.
46
Calculate the highest common factor of 80371 and 33226.
449
What is the highest common factor of 23307 and 2873?
17
What is the highest common factor of 418015 and 104?
13
Calculate the greatest common factor of 1199 and 20928.
109
What is the highest common factor of 132462 and 1694?
22
What is the greatest common factor of 21 and 225127?
7
What is the greatest common divisor of 647860 and 3132?
116
What is the highes